{"id":176,"date":"2024-02-19T21:07:07","date_gmt":"2024-02-19T21:07:07","guid":{"rendered":"https:\/\/www.koirapalvelutunteella.fi\/?page_id=176"},"modified":"2024-04-04T15:57:59","modified_gmt":"2024-04-04T15:57:59","slug":"omat-koirat","status":"publish","type":"page","link":"https:\/\/www.koirapalvelutunteella.fi\/?page_id=176","title":{"rendered":"Omat koirat"},"content":{"rendered":"\n<div class=\"wp-block-group basal-fse-section1 has-custom-havu-background-color has-background has-global-padding is-layout-constrained wp-container-core-group-is-layout-f49ad0c1 wp-block-group-is-layout-constrained\" style=\"padding-top:25px;padding-right:15px;padding-bottom:28px;padding-left:15px\">\n<div class=\"wp-block-columns is-layout-flex wp-container-core-columns-is-layout-04822461 wp-block-columns-is-layout-flex\">\n<div class=\"wp-block-column is-layout-flow wp-block-column-is-layout-flow\" style=\"flex-basis:15%\">\n<div class=\"wp-block-group basal-fse-logo has-global-padding is-layout-constrained wp-block-group-is-layout-constrained\">\n<div class=\"wp-block-group has-global-padding is-layout-constrained wp-block-group-is-layout-constrained\">\n<figure class=\"wp-block-image aligncenter size-full is-resized\"><a href=\"https:\/\/www.koirapalvelutunteella.fi\/\" rel=\"https:\/\/www.koirapalvelutunteella.fi\/\"><img fetchpriority=\"high\" decoding=\"async\" width=\"2123\" height=\"1368\" src=\"https:\/\/www.koirapalvelutunteella.fi\/wp-content\/uploads\/2024\/03\/KoirapalveluTunteella_Logo1_musta_rgb.png\" alt=\"\" class=\"wp-image-438\" style=\"width:185px;height:auto\" srcset=\"https:\/\/www.koirapalvelutunteella.fi\/wp-content\/uploads\/2024\/03\/KoirapalveluTunteella_Logo1_musta_rgb.png 2123w, https:\/\/www.koirapalvelutunteella.fi\/wp-content\/uploads\/2024\/03\/KoirapalveluTunteella_Logo1_musta_rgb-300x193.png 300w, https:\/\/www.koirapalvelutunteella.fi\/wp-content\/uploads\/2024\/03\/KoirapalveluTunteella_Logo1_musta_rgb-1024x660.png 1024w, https:\/\/www.koirapalvelutunteella.fi\/wp-content\/uploads\/2024\/03\/KoirapalveluTunteella_Logo1_musta_rgb-768x495.png 768w, https:\/\/www.koirapalvelutunteella.fi\/wp-content\/uploads\/2024\/03\/KoirapalveluTunteella_Logo1_musta_rgb-1536x990.png 1536w, https:\/\/www.koirapalvelutunteella.fi\/wp-content\/uploads\/2024\/03\/KoirapalveluTunteella_Logo1_musta_rgb-2048x1320.png 2048w\" sizes=\"(max-width: 2123px) 100vw, 2123px\" \/><\/a><\/figure>\n<\/div>\n<\/div>\n<\/div>\n\n\n\n<div class=\"wp-block-column is-layout-flow wp-block-column-is-layout-flow\" style=\"flex-basis:70%\">\n<div class=\"wp-block-group basal-fse-menu has-global-padding is-content-justification-center is-layout-constrained wp-block-group-is-layout-constrained\">\n<div class=\"wp-block-group has-global-padding is-layout-constrained wp-block-group-is-layout-constrained\"><nav class=\"has-text-color has-custom-mets-color has-background has-custom-havu-background-color is-responsive items-justified-right alignfull wp-block-navigation is-horizontal is-content-justification-right is-layout-flex wp-container-core-navigation-is-layout-c5477279 wp-block-navigation-is-layout-flex\" aria-label=\"Navigaatio\" \n\t\t data-wp-interactive=\"core\/navigation\" data-wp-context='{\"overlayOpenedBy\":{\"click\":false,\"hover\":false,\"focus\":false},\"type\":\"overlay\",\"roleAttribute\":\"\",\"ariaLabel\":\"Valikko\"}'><button aria-haspopup=\"dialog\" aria-label=\"Avaa valikko\" class=\"wp-block-navigation__responsive-container-open\" \n\t\t\t\tdata-wp-on--click=\"actions.openMenuOnClick\"\n\t\t\t\tdata-wp-on--keydown=\"actions.handleMenuKeydown\"\n\t\t\t><svg width=\"24\" height=\"24\" xmlns=\"http:\/\/www.w3.org\/2000\/svg\" viewBox=\"0 0 24 24\"><path d=\"M5 5v1.5h14V5H5z\"><\/path><path d=\"M5 12.8h14v-1.5H5v1.5z\"><\/path><path d=\"M5 19h14v-1.5H5V19z\"><\/path><\/svg><\/button>\n\t\t\t\t<div class=\"wp-block-navigation__responsive-container has-text-color has-custom-mets-color has-background has-foreground-background-color\"  id=\"modal-1\" \n\t\t\t\tdata-wp-class--has-modal-open=\"state.isMenuOpen\"\n\t\t\t\tdata-wp-class--is-menu-open=\"state.isMenuOpen\"\n\t\t\t\tdata-wp-watch=\"callbacks.initMenu\"\n\t\t\t\tdata-wp-on--keydown=\"actions.handleMenuKeydown\"\n\t\t\t\tdata-wp-on--focusout=\"actions.handleMenuFocusout\"\n\t\t\t\ttabindex=\"-1\"\n\t\t\t>\n\t\t\t\t\t<div class=\"wp-block-navigation__responsive-close\" tabindex=\"-1\">\n\t\t\t\t\t\t<div class=\"wp-block-navigation__responsive-dialog\" \n\t\t\t\tdata-wp-bind--aria-modal=\"state.ariaModal\"\n\t\t\t\tdata-wp-bind--aria-label=\"state.ariaLabel\"\n\t\t\t\tdata-wp-bind--role=\"state.roleAttribute\"\n\t\t\t>\n\t\t\t\t\t\t\t<button aria-label=\"Sulje valikko\" class=\"wp-block-navigation__responsive-container-close\" \n\t\t\t\tdata-wp-on--click=\"actions.closeMenuOnClick\"\n\t\t\t><svg xmlns=\"http:\/\/www.w3.org\/2000\/svg\" viewBox=\"0 0 24 24\" width=\"24\" height=\"24\" aria-hidden=\"true\" focusable=\"false\"><path d=\"m13.06 12 6.47-6.47-1.06-1.06L12 10.94 5.53 4.47 4.47 5.53 10.94 12l-6.47 6.47 1.06 1.06L12 13.06l6.47 6.47 1.06-1.06L13.06 12Z\"><\/path><\/svg><\/button>\n\t\t\t\t\t\t\t<div class=\"wp-block-navigation__responsive-container-content\" \n\t\t\t\tdata-wp-watch=\"callbacks.focusFirstElement\"\n\t\t\t id=\"modal-1-content\">\n\t\t\t\t\t\t\t\t<ul class=\"wp-block-navigation__container has-text-color has-custom-mets-color has-background has-custom-havu-background-color is-responsive items-justified-right alignfull wp-block-navigation\"><li class=\"has-text-color has-custom-mets-color has-background has-custom-havu-background-color wp-block-navigation-item wp-block-home-link\"><a class=\"wp-block-home-link__content wp-block-navigation-item__content\" href=\"https:\/\/www.koirapalvelutunteella.fi\" rel=\"home\">Etusivu<\/a><\/li><li data-wp-context=\"{ &quot;submenuOpenedBy&quot;: { &quot;click&quot;: false, &quot;hover&quot;: false, &quot;focus&quot;: false }, &quot;type&quot;: &quot;submenu&quot;, &quot;modal&quot;: null, &quot;previousFocus&quot;: null }\" data-wp-interactive=\"core\/navigation\" data-wp-on--focusout=\"actions.handleMenuFocusout\" data-wp-on--keydown=\"actions.handleMenuKeydown\" data-wp-on--pointerenter=\"actions.openMenuOnHover\" data-wp-on--pointerleave=\"actions.closeMenuOnHover\" data-wp-watch=\"callbacks.initMenu\" tabindex=\"-1\" class=\"wp-block-navigation-item has-child open-on-hover-click wp-block-navigation-submenu\"><a class=\"wp-block-navigation-item__content\" href=\"https:\/\/www.koirapalvelutunteella.fi\/?page_id=170\"><span class=\"wp-block-navigation-item__label\">Esittely<\/span><\/a><button data-wp-bind--aria-expanded=\"state.isMenuOpen\" data-wp-on--click=\"actions.toggleMenuOnClick\" aria-label=\"Esittely alavalikko\" class=\"wp-block-navigation__submenu-icon wp-block-navigation-submenu__toggle\" ><svg xmlns=\"http:\/\/www.w3.org\/2000\/svg\" width=\"12\" height=\"12\" viewBox=\"0 0 12 12\" fill=\"none\" aria-hidden=\"true\" focusable=\"false\"><path d=\"M1.50002 4L6.00002 8L10.5 4\" stroke-width=\"1.5\"><\/path><\/svg><\/button><ul data-wp-on--focus=\"actions.openMenuOnFocus\" class=\"wp-block-navigation__submenu-container has-text-color has-custom-mets-color has-background has-foreground-background-color wp-block-navigation-submenu\"><li style=\"line-height:2;\" class=\" wp-block-navigation-item wp-block-navigation-link\"><a class=\"wp-block-navigation-item__content\"  href=\"https:\/\/www.koirapalvelutunteella.fi\/?page_id=176\"><span class=\"wp-block-navigation-item__label\"><em>Omat koirat<\/em><\/span><\/a><\/li><\/ul><\/li><li class=\" wp-block-navigation-item wp-block-navigation-link\"><a class=\"wp-block-navigation-item__content\"  href=\"https:\/\/www.koirapalvelutunteella.fi\/?page_id=152\"><span class=\"wp-block-navigation-item__label\">Palvelut<\/span><\/a><\/li><li class=\" wp-block-navigation-item wp-block-navigation-link\"><a class=\"wp-block-navigation-item__content\"  href=\"https:\/\/www.koirapalvelutunteella.fi\/?page_id=155\"><span class=\"wp-block-navigation-item__label\">Ota yhteytt\u00e4<\/span><\/a><\/li><li class=\" wp-block-navigation-item wp-block-navigation-link\"><a class=\"wp-block-navigation-item__content\"  href=\"https:\/\/www.koirapalvelutunteella.fi\/?page_id=217\"><span class=\"wp-block-navigation-item__label\">Blogi<\/span><\/a><\/li><\/ul>\n\t\t\t\t\t\t\t\t\n\t\t\t\t\t\t\t<\/div>\n\t\t\t\t\t\t<\/div>\n\t\t\t\t\t<\/div>\n\t\t\t\t<\/div><\/nav><\/div>\n<\/div>\n<\/div>\n\n\n\n<div class=\"wp-block-column is-layout-flow wp-block-column-is-layout-flow\" style=\"flex-basis:15%\">\n<div class=\"wp-block-group basal-fse-header-social has-global-padding is-layout-constrained wp-block-group-is-layout-constrained\">\n<ul class=\"wp-block-social-links has-large-icon-size has-icon-color is-style-logos-only is-content-justification-right is-layout-flex wp-container-core-social-links-is-layout-216b96ac wp-block-social-links-is-layout-flex\" style=\"margin-top:var(--wp--preset--spacing--superbspacing-small);margin-bottom:var(--wp--preset--spacing--superbspacing-small)\"><li style=\"color:#1a1a1a;\" class=\"wp-social-link wp-social-link-facebook has-tertiarygb-color wp-block-social-link\"><a href=\"https:\/\/www.facebook.com\/profile.php?id=100092700687681\" class=\"wp-block-social-link-anchor\"><svg width=\"24\" height=\"24\" viewBox=\"0 0 24 24\" version=\"1.1\" xmlns=\"http:\/\/www.w3.org\/2000\/svg\" aria-hidden=\"true\" focusable=\"false\"><path d=\"M12 2C6.5 2 2 6.5 2 12c0 5 3.7 9.1 8.4 9.9v-7H7.9V12h2.5V9.8c0-2.5 1.5-3.9 3.8-3.9 1.1 0 2.2.2 2.2.2v2.5h-1.3c-1.2 0-1.6.8-1.6 1.6V12h2.8l-.4 2.9h-2.3v7C18.3 21.1 22 17 22 12c0-5.5-4.5-10-10-10z\"><\/path><\/svg><span class=\"wp-block-social-link-label screen-reader-text\">Facebook<\/span><\/a><\/li>\n\n<li style=\"color:#1a1a1a;\" class=\"wp-social-link wp-social-link-instagram has-tertiarygb-color wp-block-social-link\"><a href=\"https:\/\/www.instagram.com\/koirapalvelutunteella\/\" class=\"wp-block-social-link-anchor\"><svg width=\"24\" height=\"24\" viewBox=\"0 0 24 24\" version=\"1.1\" xmlns=\"http:\/\/www.w3.org\/2000\/svg\" aria-hidden=\"true\" focusable=\"false\"><path d=\"M12,4.622c2.403,0,2.688,0.009,3.637,0.052c0.877,0.04,1.354,0.187,1.671,0.31c0.42,0.163,0.72,0.358,1.035,0.673 c0.315,0.315,0.51,0.615,0.673,1.035c0.123,0.317,0.27,0.794,0.31,1.671c0.043,0.949,0.052,1.234,0.052,3.637 s-0.009,2.688-0.052,3.637c-0.04,0.877-0.187,1.354-0.31,1.671c-0.163,0.42-0.358,0.72-0.673,1.035 c-0.315,0.315-0.615,0.51-1.035,0.673c-0.317,0.123-0.794,0.27-1.671,0.31c-0.949,0.043-1.233,0.052-3.637,0.052 s-2.688-0.009-3.637-0.052c-0.877-0.04-1.354-0.187-1.671-0.31c-0.42-0.163-0.72-0.358-1.035-0.673 c-0.315-0.315-0.51-0.615-0.673-1.035c-0.123-0.317-0.27-0.794-0.31-1.671C4.631,14.688,4.622,14.403,4.622,12 s0.009-2.688,0.052-3.637c0.04-0.877,0.187-1.354,0.31-1.671c0.163-0.42,0.358-0.72,0.673-1.035 c0.315-0.315,0.615-0.51,1.035-0.673c0.317-0.123,0.794-0.27,1.671-0.31C9.312,4.631,9.597,4.622,12,4.622 M12,3 C9.556,3,9.249,3.01,8.289,3.054C7.331,3.098,6.677,3.25,6.105,3.472C5.513,3.702,5.011,4.01,4.511,4.511 c-0.5,0.5-0.808,1.002-1.038,1.594C3.25,6.677,3.098,7.331,3.054,8.289C3.01,9.249,3,9.556,3,12c0,2.444,0.01,2.751,0.054,3.711 c0.044,0.958,0.196,1.612,0.418,2.185c0.23,0.592,0.538,1.094,1.038,1.594c0.5,0.5,1.002,0.808,1.594,1.038 c0.572,0.222,1.227,0.375,2.185,0.418C9.249,20.99,9.556,21,12,21s2.751-0.01,3.711-0.054c0.958-0.044,1.612-0.196,2.185-0.418 c0.592-0.23,1.094-0.538,1.594-1.038c0.5-0.5,0.808-1.002,1.038-1.594c0.222-0.572,0.375-1.227,0.418-2.185 C20.99,14.751,21,14.444,21,12s-0.01-2.751-0.054-3.711c-0.044-0.958-0.196-1.612-0.418-2.185c-0.23-0.592-0.538-1.094-1.038-1.594 c-0.5-0.5-1.002-0.808-1.594-1.038c-0.572-0.222-1.227-0.375-2.185-0.418C14.751,3.01,14.444,3,12,3L12,3z M12,7.378 c-2.552,0-4.622,2.069-4.622,4.622S9.448,16.622,12,16.622s4.622-2.069,4.622-4.622S14.552,7.378,12,7.378z M12,15 c-1.657,0-3-1.343-3-3s1.343-3,3-3s3,1.343,3,3S13.657,15,12,15z M16.804,6.116c-0.596,0-1.08,0.484-1.08,1.08 s0.484,1.08,1.08,1.08c0.596,0,1.08-0.484,1.08-1.08S17.401,6.116,16.804,6.116z\"><\/path><\/svg><span class=\"wp-block-social-link-label screen-reader-text\">https:\/\/www.instagram.com\/koirapalvelutunteella\/<\/span><\/a><\/li><\/ul>\n<\/div>\n<\/div>\n<\/div>\n<\/div>\n\n\n\n<div class=\"wp-block-group alignfull has-global-padding is-layout-constrained wp-container-core-group-is-layout-15714987 wp-block-group-is-layout-constrained\" style=\"margin-top:0;margin-bottom:0;padding-top:var(--wp--preset--spacing--superbspacing-large);padding-right:var(--wp--preset--spacing--superbspacing-small);padding-bottom:var(--wp--preset--spacing--superbspacing-large);padding-left:var(--wp--preset--spacing--superbspacing-small)\">\n<div class=\"wp-block-columns alignwide are-vertically-aligned-top is-layout-flex wp-container-core-columns-is-layout-f6579ef5 wp-block-columns-is-layout-flex\">\n<div class=\"wp-block-column is-vertically-aligned-top is-layout-flow wp-container-core-column-is-layout-620d943d wp-block-column-is-layout-flow\" style=\"padding-right:0;padding-bottom:0;padding-left:0\">\n<figure class=\"wp-block-image aligncenter size-full has-custom-border\"><img decoding=\"async\" width=\"2560\" height=\"1707\" src=\"https:\/\/www.koirapalvelutunteella.fi\/wp-content\/uploads\/2024\/03\/IMG_5825-scaled.jpg\" alt=\"\" class=\"wp-image-457\" style=\"border-radius:0px;object-fit:cover\" srcset=\"https:\/\/www.koirapalvelutunteella.fi\/wp-content\/uploads\/2024\/03\/IMG_5825-scaled.jpg 2560w, https:\/\/www.koirapalvelutunteella.fi\/wp-content\/uploads\/2024\/03\/IMG_5825-300x200.jpg 300w, https:\/\/www.koirapalvelutunteella.fi\/wp-content\/uploads\/2024\/03\/IMG_5825-1024x683.jpg 1024w, https:\/\/www.koirapalvelutunteella.fi\/wp-content\/uploads\/2024\/03\/IMG_5825-768x512.jpg 768w, https:\/\/www.koirapalvelutunteella.fi\/wp-content\/uploads\/2024\/03\/IMG_5825-1536x1024.jpg 1536w, https:\/\/www.koirapalvelutunteella.fi\/wp-content\/uploads\/2024\/03\/IMG_5825-2048x1365.jpg 2048w\" sizes=\"(max-width: 2560px) 100vw, 2560px\" \/><figcaption class=\"wp-element-caption\"><strong>Kuva: Koiratuulia<\/strong><\/figcaption><\/figure>\n<\/div>\n\n\n\n<div class=\"wp-block-column is-vertically-aligned-top is-layout-flow wp-container-core-column-is-layout-78edc4a1 wp-block-column-is-layout-flow\" style=\"padding-top:0;padding-right:0;padding-bottom:0;padding-left:0\">\n<div class=\"wp-block-group is-layout-flow wp-container-core-group-is-layout-c175b0d5 wp-block-group-is-layout-flow\">\n<h2 class=\"wp-block-heading has-text-align-left has-superbfont-xlarge-font-size\">Emma<\/h2>\n\n\n\n<h3 class=\"wp-block-heading has-text-align-left has-primary-color has-text-color has-superbfont-small-font-size\" style=\"line-height:1\">TK1 RTK1 RTK2 Upwards Euphoria <\/h3>\n\n\n\n<h3 class=\"wp-block-heading has-superbfont-small-font-size\" style=\"line-height:1\">S. 30.4.2018<\/h3>\n\n\n\n<p class=\"has-text-align-left has-custom-mets-color has-text-color has-superbfont-small-font-size wp-block-paragraph\" style=\"margin-top:var(--wp--preset--spacing--superbspacing-xsmall);margin-bottom:var(--wp--preset--spacing--superbspacing-xsmall)\">Emma on the koira, jonka kanssa yhdess\u00e4 olen saanut kokea ja el\u00e4\u00e4 l\u00e4hes koko aikuisuuteni. Yhdess\u00e4 olemme kasvaneet ja oppineet el\u00e4m\u00e4st\u00e4. Siin\u00e4 on aika paljon yhdelle koiralle ja siksi Emmalla onkin hyvin erityinen paikka syd\u00e4mess\u00e4ni.<\/p>\n\n\n\n<p class=\"has-custom-mets-color has-text-color has-link-color has-superbfont-small-font-size wp-elements-bf06018596fe480db013931a1d90dbcf wp-block-paragraph\" style=\"margin-top:var(--wp--preset--spacing--superbspacing-xsmall);margin-bottom:var(--wp--preset--spacing--superbspacing-xsmall)\">Emma on luonteeltaan iloinen ja energinen. Emma on ikuinen lapsi, sill\u00e4 se on vilkas ja k\u00e4ytt\u00e4ytyy toisinaan hyvinkin pentumaisesti. Emma leikkii mielell\u00e4\u00e4n samanhenkisten koirien kanssa ja erityistaitonaan vaatii kaikkia meill\u00e4 k\u00e4yvi\u00e4 vieraita rapsuttamaan h\u00e4nt\u00e4.<\/p>\n\n\n\n<p class=\"has-custom-mets-color has-text-color has-link-color has-superbfont-small-font-size wp-elements-a9be5b16b4b51ce552c237150d75a511 wp-block-paragraph\" style=\"margin-top:var(--wp--preset--spacing--superbspacing-xsmall);margin-bottom:var(--wp--preset--spacing--superbspacing-xsmall)\">Olemme kokeilleet useita eri harrastuslajeja, mutta p\u00e4\u00e4lajinamme on ollut alusta alkaen toko. T\u00e4ll\u00e4 hetkell\u00e4 Emma harrastaa my\u00f6s nomea ja rally-tokoa. Aiemmin olemme harrastaneet my\u00f6s vesipelastusta ja agility\u00e4 sek\u00e4 k\u00e4yneet muutamissa n\u00e4yttelyiss\u00e4.<\/p>\n\n\n\n<p class=\"has-custom-mets-color has-text-color has-link-color has-superbfont-small-font-size wp-elements-97f8ddcb521e792bb7c0c3be976dd3da wp-block-paragraph\" style=\"margin-top:var(--wp--preset--spacing--superbspacing-xxsmall);margin-bottom:var(--wp--preset--spacing--superbspacing-xxsmall)\">Emma on opettanut minulle koirista ihan valtavasti ja en varmasti tiet\u00e4isi puoliakaan ilman Emmaa. On ollut valtavan opettavaista saada Emmalta t\u00e4rkeit\u00e4 oppeja ja niit\u00e4 hy\u00f6dynn\u00e4nkin nykyisin asiakasty\u00f6ss\u00e4.<\/p>\n<\/div>\n<\/div>\n<\/div>\n\n\n\n<div class=\"wp-block-columns alignwide are-vertically-aligned-top is-layout-flex wp-container-core-columns-is-layout-f6579ef5 wp-block-columns-is-layout-flex\">\n<div class=\"wp-block-column is-vertically-aligned-top is-layout-flow wp-container-core-column-is-layout-620d943d wp-block-column-is-layout-flow\" style=\"padding-right:0;padding-bottom:0;padding-left:0\">\n<figure class=\"wp-block-image size-full has-custom-border\"><img decoding=\"async\" width=\"2560\" height=\"1707\" src=\"https:\/\/www.koirapalvelutunteella.fi\/wp-content\/uploads\/2024\/03\/IMG_5714-scaled.jpg\" alt=\"\" class=\"wp-image-456\" style=\"border-radius:0px\" srcset=\"https:\/\/www.koirapalvelutunteella.fi\/wp-content\/uploads\/2024\/03\/IMG_5714-scaled.jpg 2560w, https:\/\/www.koirapalvelutunteella.fi\/wp-content\/uploads\/2024\/03\/IMG_5714-300x200.jpg 300w, https:\/\/www.koirapalvelutunteella.fi\/wp-content\/uploads\/2024\/03\/IMG_5714-1024x683.jpg 1024w, https:\/\/www.koirapalvelutunteella.fi\/wp-content\/uploads\/2024\/03\/IMG_5714-768x512.jpg 768w, https:\/\/www.koirapalvelutunteella.fi\/wp-content\/uploads\/2024\/03\/IMG_5714-1536x1024.jpg 1536w, https:\/\/www.koirapalvelutunteella.fi\/wp-content\/uploads\/2024\/03\/IMG_5714-2048x1365.jpg 2048w\" sizes=\"(max-width: 2560px) 100vw, 2560px\" \/><figcaption class=\"wp-element-caption\"><strong>Kuva: Koiratuulia<\/strong><\/figcaption><\/figure>\n<\/div>\n\n\n\n<div class=\"wp-block-column is-vertically-aligned-top is-layout-flow wp-container-core-column-is-layout-78edc4a1 wp-block-column-is-layout-flow\" style=\"padding-top:0;padding-right:0;padding-bottom:0;padding-left:0\">\n<div class=\"wp-block-group is-layout-flow wp-container-core-group-is-layout-c175b0d5 wp-block-group-is-layout-flow\">\n<h2 class=\"wp-block-heading has-text-align-left has-superbfont-xlarge-font-size\">Lina<\/h2>\n\n\n\n<h3 class=\"wp-block-heading has-text-align-left has-primary-color has-text-color has-superbfont-small-font-size\" style=\"line-height:1\">Upwards Star Is Born<\/h3>\n\n\n\n<h3 class=\"wp-block-heading has-superbfont-small-font-size\" style=\"line-height:1\">S. 14.10.2023<\/h3>\n\n\n\n<p class=\"has-text-align-left has-custom-mets-color has-text-color has-superbfont-small-font-size wp-block-paragraph\" style=\"margin-top:var(--wp--preset--spacing--superbspacing-xsmall);margin-bottom:var(--wp--preset--spacing--superbspacing-xsmall)\">Viime vuoden loppupuolella pitk\u00e4aikainen haave toisesta koirasta toteutui, kun Lina muutti meille. Yhdess\u00e4 olemme harjoitelleet pentukoiran el\u00e4m\u00e4\u00e4 ja pyrkineet luomaan luottamuksellista ja l\u00e4mmint\u00e4 suhdetta. Vaikka Lina on viel\u00e4 pentu ja kaikki on vasta edess\u00e4, tuntuu silt\u00e4, ett\u00e4 meid\u00e4n energiamme ovat kohdanneet alusta alkaen erinomaisesti.<\/p>\n\n\n\n<p class=\"has-custom-mets-color has-text-color has-link-color has-superbfont-small-font-size wp-elements-1a6c21c860d28afbe71ef576c05ac2c4 wp-block-paragraph\" style=\"margin-top:var(--wp--preset--spacing--superbspacing-xsmall);margin-bottom:var(--wp--preset--spacing--superbspacing-xsmall)\">Luonteeltaan Lina on hyvin iloinen ja suhtautuukin l\u00e4ht\u00f6kohtaisesti el\u00e4m\u00e4\u00e4n positiivisesti. Lina harjoittelee vasta lajien pohjataitoja sek\u00e4 tietysti monia arkisia asioita. Uskon kuitenkin, ett\u00e4 tulemme harrastamaan ainakin tokoa ja nomea. Odotan innolla mit\u00e4 tulevaisuus tuokaan tullessaan!<\/p>\n<\/div>\n<\/div>\n<\/div>\n<\/div>\n\n\n\n<div class=\"wp-block-columns has-custom-havu-background-color has-background is-layout-flex wp-container-core-columns-is-layout-9bd0c880 wp-block-columns-is-layout-flex\" style=\"border-top-style:none;border-top-width:0px;border-bottom-color:var(--wp--preset--color--background);border-bottom-width:1px;padding-top:70px;padding-bottom:60px\">\n<div class=\"wp-block-column is-layout-flow wp-block-column-is-layout-flow\">\n<div class=\"wp-block-group basal-fse-footer-column has-global-padding is-layout-constrained wp-block-group-is-layout-constrained\">\n<figure class=\"wp-block-image aligncenter size-large is-resized\"><img loading=\"lazy\" decoding=\"async\" width=\"1024\" height=\"660\" src=\"https:\/\/www.koirapalvelutunteella.fi\/wp-content\/uploads\/2024\/03\/KoirapalveluTunteella_Logo1_musta_rgb-1024x660.png\" alt=\"\" class=\"wp-image-438\" style=\"width:201px;height:auto\" srcset=\"https:\/\/www.koirapalvelutunteella.fi\/wp-content\/uploads\/2024\/03\/KoirapalveluTunteella_Logo1_musta_rgb-1024x660.png 1024w, https:\/\/www.koirapalvelutunteella.fi\/wp-content\/uploads\/2024\/03\/KoirapalveluTunteella_Logo1_musta_rgb-300x193.png 300w, https:\/\/www.koirapalvelutunteella.fi\/wp-content\/uploads\/2024\/03\/KoirapalveluTunteella_Logo1_musta_rgb-768x495.png 768w, https:\/\/www.koirapalvelutunteella.fi\/wp-content\/uploads\/2024\/03\/KoirapalveluTunteella_Logo1_musta_rgb-1536x990.png 1536w, https:\/\/www.koirapalvelutunteella.fi\/wp-content\/uploads\/2024\/03\/KoirapalveluTunteella_Logo1_musta_rgb-2048x1320.png 2048w\" sizes=\"(max-width: 1024px) 100vw, 1024px\" \/><\/figure>\n<\/div>\n<\/div>\n\n\n\n<div class=\"wp-block-column is-layout-flow wp-block-column-is-layout-flow\">\n<div class=\"wp-block-group basal-fse-footer-column has-global-padding is-layout-constrained wp-block-group-is-layout-constrained\">\n<h4 class=\"wp-block-heading alignwide has-text-align-center has-custom-hiili-color has-text-color\" style=\"padding-bottom:25px;font-size:clamp(16.293px, 1.018rem + ((1vw - 3.2px) * 0.708), 25px);font-style:normal;font-weight:700\">Yhteystiedot<\/h4>\n\n\n\n<p class=\"has-text-align-center has-custom-hiili-color has-text-color wp-block-paragraph\">Netta Elomaa<\/p>\n\n\n\n<p class=\"has-text-align-center has-custom-hiili-color has-text-color wp-block-paragraph\" style=\"line-height:2\">netta@koirapalvelutunteella.fi<\/p>\n\n\n\n<p class=\"has-text-align-center has-custom-hiili-color has-text-color wp-block-paragraph\" style=\"line-height:2\">Yl\u00f6j\u00e4rvi ja l\u00e4hikunnat<br>y-tunnus 3305020-7<\/p>\n<\/div>\n<\/div>\n<\/div>\n","protected":false},"excerpt":{"rendered":"<p>Emma TK1 RTK1 RTK2 Upwards Euphoria S. 30.4.2018 Emma on the koira, jonka kanssa yhdess\u00e4 olen saanut kokea ja el\u00e4\u00e4 l\u00e4hes koko aikuisuuteni. Yhdess\u00e4 olemme kasvaneet ja oppineet el\u00e4m\u00e4st\u00e4. Siin\u00e4 on aika paljon yhdelle koiralle ja siksi Emmalla onkin hyvin erityinen paikka syd\u00e4mess\u00e4ni. Emma on luonteeltaan iloinen ja energinen. Emma on ikuinen lapsi, sill\u00e4 se [&hellip;]<\/p>\n","protected":false},"author":1,"featured_media":0,"parent":0,"menu_order":0,"comment_status":"closed","ping_status":"closed","template":"blank","meta":{"_crdt_document":"","_monsterinsights_skip_tracking":false,"_monsterinsights_sitenote_active":false,"_monsterinsights_sitenote_note":"","_monsterinsights_sitenote_category":0,"footnotes":""},"class_list":["post-176","page","type-page","status-publish","hentry"],"_links":{"self":[{"href":"https:\/\/www.koirapalvelutunteella.fi\/index.php?rest_route=\/wp\/v2\/pages\/176","targetHints":{"allow":["GET"]}}],"collection":[{"href":"https:\/\/www.koirapalvelutunteella.fi\/index.php?rest_route=\/wp\/v2\/pages"}],"about":[{"href":"https:\/\/www.koirapalvelutunteella.fi\/index.php?rest_route=\/wp\/v2\/types\/page"}],"author":[{"embeddable":true,"href":"https:\/\/www.koirapalvelutunteella.fi\/index.php?rest_route=\/wp\/v2\/users\/1"}],"replies":[{"embeddable":true,"href":"https:\/\/www.koirapalvelutunteella.fi\/index.php?rest_route=%2Fwp%2Fv2%2Fcomments&post=176"}],"version-history":[{"count":16,"href":"https:\/\/www.koirapalvelutunteella.fi\/index.php?rest_route=\/wp\/v2\/pages\/176\/revisions"}],"predecessor-version":[{"id":593,"href":"https:\/\/www.koirapalvelutunteella.fi\/index.php?rest_route=\/wp\/v2\/pages\/176\/revisions\/593"}],"wp:attachment":[{"href":"https:\/\/www.koirapalvelutunteella.fi\/index.php?rest_route=%2Fwp%2Fv2%2Fmedia&parent=176"}],"curies":[{"name":"wp","href":"https:\/\/api.w.org\/{rel}","templated":true}]}}